2?
26b
In base 8, what is 4 + -1314?
-1310
In base 7, what is -1 - 104?
-105
In base 6, what is 1 + 142?
143
In base 14, what is 0 + 579?
579
In base 13, what is 145b + -5?
1456
In base 12, what is 55 + 1?
56
In base 8, what is -6 + 505?
477
In base 14, what is -5 - -a40?
a39
In base 7, what is 12 - 0?
12
In base 6, what is -304 - 0?
-304
In base 2, what is -101 - 10000000000?
-10000000101
In base 3, what is 2 - -12211?
12220
In base 9, what is 21 - 0?
21
In base 11, what is -76 + -49?
-114
In base 4, what is 2 - 302111?
-302103
In base 14, what is 4c + -3b?
11
In base 16, what is 3be - 3?
3bb
In base 14, what is 0 + -1a55?
-1a55
In base 14, what is -116 + 2?
-114
In base 6, what is 0 - 1341?
-1341
In base 2, what is -111 - -100110011?
100101100
In base 13, what is 202 + 5?
207
In base 9, what is 2 - 48?
-46
In base 5, what is 12133 - 0?
12133
In base 2, what is 110 - -10010100010?
10010101000
In base 13, what is 9 + 6?
12
In base 8, what is 0 - -14064?
14064
In base 11, what is 10 - -19?
29
In base 14, what is -6 + -14?
-1a
In base 2, what is 101110 + -100?
101010
In base 9, what is 8 - -1037?
1046
In base 10, what is -136 - -1?
-135
In base 3, what is -10200 + -101?
-11001
In base 6, what is 0 + 542?
542
In base 4, what is 3 - -2210?
2213
In base 14, what is 32 + 4?
36
In base 15, what is 3922 + -3?
391e
In base 10, what is 69 + -3?
66
In base 14, what is 23c + -5?
237
In base 12, what is 4 + -2b0?
-2a8
In base 2, what is 1000 + -1?
111
In base 16, what is -29 - -3?
-26
In base 9, what is 1287 + -3?
1284
In base 11, what is 1572 - -5?
1577
In base 6, what is 4 + 1122?
1130
In base 2, what is -1000 - -11000?
10000
In base 8, what is 224 - -1?
225
In base 6, what is 4 - -23?
31
In base 11, what is -10 + 18?
8
In base 12, what is -109 - -8a?
-3b
In base 8, what is -14 + -221?
-235
In base 16, what is -1f - -7c?
5d
In base 12, what is 141 - 2?
13b
In base 15, what is 1797 + 0?
1797
In base 13, what is -8 - -17?
c
In base 3, what is 122 - -10002?
10201
In base 13, what is -c + 9?
-3
In base 10, what is 3 + -29?
-26
In base 7, what is 0 - 2344?
-2344
In base 16, what is 28a - -4?
28e
In base 13, what is -44ba - 0?
-44ba
In base 5, what is -11 - -2401?
2340
In base 15, what is 1 - 445?
-444
In base 2, what is -10 + -10101101100?
-10101101110
In base 16, what is -aa2 - 0?
-aa2
In base 4, what is 0 + -231?
-231
In base 14, what is -107 - -3?
-104
In base 7, what is -1343 - -4?
-1336
In base 6, what is -2 - -305?
303
In base 6, what is -24 - -4?
-20
In base 5, what is -13 - -13?
0
In base 12, what is -473 - 4?
-477
In base 12, what is -4 + -928?
-930
In base 16, what is -b5 + -3d?
-f2
In base 16, what is 0 + 72?
72
In base 2, what is 100100000011 + 11?
100100000110
In base 10, what is -5374 + -3?
-5377
In base 8, what is -4073 - 1?
-4074
In base 3, what is 10212 + -121?
10021
In base 12, what is -3 - -78?
75
In base 12, what is 1 + 1bb5?
1bb6
In base 8, what is 40 + 47?
107
In base 5, what is 210 + 10?
220
In base 9, what is 3 - -3?
6
In base 15, what is 5 + -6b1?
-6ab
In base 14, what is -91 + -3?
-94
In base 2, what is 1100 + 1?
1101
In base 4, what is 2 - 112112?
-112110
In base 5, what is -22 - 12?
-34
In base 6, what is -20445 + 3?
-20442
In base 9, what is -3 + -42?
-45
In base 15, what is 36ad + 2?
36b0
In base 14, what is -4 + 58?
54
In base 5, what is 441 - 2?
434
In base 8, what is -1 - 304?
-305
In base 8, what is 7 - 503?
-474
In base 11, what is 164 + -4?
160
In base 8, what is 2 + 44?
46
In base 6, what is -4 - -3?
-1
In base 10, what is -122 + 2?
-120
In base 13, what is -348 + 0?
-348
In base 14, what is -4 + b10?
b0a
In base 2, what is 10101 - -10?
10111
In base 8, what is 236 + 15?
253
In base 10, what is 1 + -19?
-18
In base 11, what is 3a + -a0?
-61
In base 6, what is 21140 - -5?
21145
In base 14, what is 19 - 1b?
-2
In base 4, what is -20 - 12?
-32
In base 12, what is b8 + 2?
ba
In base 15, what is 5 - -28?
2d
In base 8, what is 62 + 12?
74
In base 4, what is 2022 - 10?
2012
In base 4, what is 1 + -302?
-301
In base 6, what is 135 - -233?
412
In base 2, what is -101 + 1110100?
1101111
In base 10, what is -12 + -52?
-64
In base 9, what is -3 + 31?
27
In base 11, what is 12 - 2?
10
In base 13, what is 2 + 972?
974
In base 7, what is -1 - 323?
-324
In base 14, what is -477 + -4?
-47b
In base 5, what is -14112 + 4?
-14103
In base 16, what is 21bf + 2?
21c1
In base 15, what is -36d + -a?
-378
In base 7, what is -6 - 15?
-24
In base 13, what is -6 - 904?
-90a
In base 8, what is -1437 + -4?
-1443
In base 4, what is -101 - -101?
0
In base 16, what is 2 + -42c?
-42a
In base 8, what is 2 - 24037?
-24035
In base 4, what is -1002011 - 10?
-1002021
In base 10, what is 6 + 6?
12
In base 2, what is -1110110100010 - 0?
-1110110100010
In base 10, what is -1 + 3?
2
In base 5, what is 21 - -4233?
4304
In base 8, what is 542 - -2?
544
In base 6, what is 2 + 2201?
2203
In base 2, what is 11101 + 1000110000?
1001001101
In base 6, what is -2 + 14345?
14343
In base 5, what is -1412 + 1?
-1411
In base 6, what is 22 + 4?
30
In base 12, what is -a + -b0?
-ba
In base 16, what is -e - -86?
78
In base 8, what is 4 - -14?
20
In base 8, what is -202 + 14?
-166
In base 14, what is 37 + 9?
42
In base 9, what is 5 + -318?
-313
In base 6, what is 135 + 151?
330
In base 3, what is -122000 - 1002?
-200002
In base 10, what is 1 - -56?
57
In base 4, what is 2 - -11112?
11120
In base 15, what is 3eb - 4?
3e7
In base 13, what is -b + -12b?
-139
In base 16, what is -1 - 91?
-92
In base 5, what is -3 - 113?
-121
In base 15, what is 5d4 + 1?
5d5
In base 2, what is -100100 - 11?
-100111
In base 6, what is 22 + -35?
-13
In base 9, what is -2 - -27?
25
In base 2, what is -111011 + -110?
-1000001
In base 3, what is 22 + 21?
120
In base 9, what is -7 + 27?
20
In base 14, what is -7a - -4?
-76
In base 10, what is -5 + -163?
-168
In base 16, what is 0 + 8d?
8d
In base 10, what is 3 + 3?
6
In base 6, what is 1522 + 5?
1531
In base 16, what is 4 + -21a?
-216
In base 13, what is 44 + 2?
46
In base 9, what is 8106 + -1?
8105
In base 4, what is -10 + -31023?
-31033
In base 16, what is 13e8 + 0?
13e8
In base 14, what is 16 + 0?
16
In base 6, what is -52 + -4314?
-4410
In base 7, what is 404 + 1?
405
In base 14, what is -12 - 3?
-15
In base 12, what is -2083 - -3?
-2080
In base 12, what is 1366 - 3?
1363
In base 6, what is 21345 - -2?
21351
In base 12, what is -23 + -a?
-31
In base 7, what is -3 - -11112?
11106
In base 8, what is 2057 - 0?
2057
In base 4, what is 13 - -1003?
1022
In base 2, what is -10 + -11011?
-11101
In base 9, what is -1 + 487?
486
In base 2, what is 1011 + -1101000001?
-1100110110
In base 2, what is 1001 + -1001000100?
-1000111011
In base 10, what is -9 + -422?
-431
In base 16, what is d + 6?
13
In base 14, what is -7b26 - -3?
-7b23
In base 3, what is -22111 + 202?
-21202
In base 2, what is -1101001 + -11?
-1101100
In base 3, what is 1021 + 20?
1111
In base 6, what is -1 - 324?
-325
In base 5, what is -40201 - -1?
-40200
In base 10, what is 25 + 6?
31
In base 4, what is 1 + 11201?
11202
In base 16, what is -a00 + 2?
-9fe
In base 15, what is -e2 - 5?
-e7
In base 3, what is 20 + -22021?
-22001
In base 10, what is 18915 + -5?
18910
In base 3, what is -2 - -1210?
1201
In base 3, what is -122200 + 10?
-122120
In base 12, what is -9 - -298?
28b
In base 14, what is 6 + -18?
-12
In base 14, what is ab4 - 4?
ab0
In base 11, what is 1763 - -4?
1767
In base 4, what is 2030 - 0?
2030
In base 3, what is 2112 - 0?
2112
In base 9, what is 11 - -203?
214
In base 5, what is -12 + -132?
-144
In base 16, what is 3 + -cdb?
-cd8
In base 7, what is 35105 + 1?
35106
In base 3, what is 1201 + -222?
202
In base 10, what is 0 + 917?
917
In base 13, what is 4 - 0?
4
In base 13, what is 16 - -13?
29
In base 16, what is 1 - 690?
-68f
In base 15, what is -5 + 8a?
85
In base 2, what is 0 - 10000110?
-10000110
In base 13, what is -3 + -19?
-1c
In base 11, what is -21 - -8?
-14
In base 5, what is -12221 + 2?
-12214
In base 2, what is -10000101101011 - 100?
-10000101101111
In base 9, what is -213 + -10?
-223
In base 3, what is -201 - 21110?
-22011
In base 11, what is 2 + a2?
a4
In base 8, what is -131 + -4?
-135
In base 4, what is -1000 - 1323?
-2323
In base 9, what is -3 + -113?
-116
In base 7, 